ltiple of 25?
True
Is 45 a factor of 20593215?
True
Is 159 a factor of 47683519?
False
Does 381 divide 196282437?
True
Is 267411494 a multiple of 406?
True
Does 240 divide 22731773?
False
Does 258 divide 620010378?
True
Does 9 divide 6557615?
False
Does 144 divide 108980640?
True
Does 113 divide 2928508?
True
Does 6 divide 307794888?
True
Is 137911824 a multiple of 36?
True
Is 48 a factor of 618272864?
False
Is 328 a factor of 302058152?
True
Is 813289038 a multiple of 329?
False
Is 21413808 a multiple of 117?
True
Is 77709643 a multiple of 77?
False
Is 247883251 a multiple of 1259?
True
Is 264414112 a multiple of 232?
True
Is 3 a factor of 3126713?
False
Is 56244485 a multiple of 215?
False
Is 53 a factor of 1177518861?
True
Does 5091 divide 577965957?
True
Does 5 divide 8301343?
False
Is 43328624 a multiple of 310?
False
Is 2539839910 a multiple of 47?
False
Does 471 divide 168486837?
False
Is 152 a factor of 13266712?
True
Does 17 divide 656500220?
True
Is 262853600 a multiple of 76?
True
Does 299 divide 74655177?
False
Is 107 a factor of 9452594?
True
Is 2589449339 a multiple of 329?
False
Does 73 divide 31999331?
True
Is 466430544 a multiple of 968?
False
Does 13 divide 239374044?
True
Does 3056 divide 713294848?
True
Does 59 divide 5219081?
True
Does 39 divide 14562320?
False
Is 8955 a multiple of 4?
False
Is 25 a factor of 109160407?
False
Does 59 divide 85584077?
False
Is 4036 a factor of 601514355?
False
Does 22 divide 593695009?
False
Is 30270984 a multiple of 1164?
True
Is 60 a factor of 14674680?
True
Is 12 a factor of 716124?
True
Is 17 a factor of 743536718?
True
Is 21043482 a multiple of 2?
True
Is 12 a factor of 2800521684?
True
Is 359990880 a multiple of 1130?
True
Is 53 a factor of 151471403?
True
Is 3877555 a multiple of 669?
False
Is 1796923509 a multiple of 7354?
False
Does 8 divide 16250288?
True
Is 1183 a factor of 26739349?
True
Does 2247 divide 122956812?
False
Does 677 divide 877760965?
True
Is 944 a factor of 1402369458?
False
Is 298376235 a multiple of 5?
True
Is 11 a factor of 44112464?
True
Is 116 a factor of 147790507?
False
Is 25654067 a multiple of 44?
False
Is 508 a factor of 88221312?
True
Is 479292921 a multiple of 79?
True
Is 444 a factor of 24224640?
True
Is 1398534200 a multiple of 1400?
True
Does 457 divide 41991983?
False
Is 1604370744 a multiple of 8014?
True
Is 17 a factor of 22096464?
True
Is 829 a factor of 61952593?
False
Does 139 divide 163208101?
True
Is 15489648 a multiple of 96?
False
Is 56 a factor of 17266144?
True
Does 7 divide 780825377?
False
Does 6 divide 553434300?
True
Is 994 a factor of 12829558?
True
Does 193 divide 147348166?
True
Is 45 a factor of 22629798?
False
Is 113877973 even?
False
Is 123420499 a multiple of 2?
False
Does 17 divide 2041258?
True
Is 20168259 a multiple of 229?
True
Does 366 divide 298366860?
True
Is 1833687144 a multiple of 138?
True
Is 44872815 a multiple of 65?
True
Is 124 a factor of 148409648?
True
Is 34 a factor of 26240860?
True
Is 86628372 a multiple of 4?
True
Is 172 a factor of 209338792?
True
Is 2575 a factor of 99698247?
False
Is 73 a factor of 39393793?
True
Is 413964273 a multiple of 1468?
False
Is 586 a factor of 11284016?
True
Is 1211 a factor of 712619908?
False
Is 52320343 a multiple of 1086?
False
Is 2501 a factor of 680259852?
False
Is 422639821 a multiple of 37?
False
Does 8 divide 33374852?
False
Does 25 divide 321643950?
True
Is 38975688 a multiple of 460?
False
Is 922 a factor of 27375102?
True
Is 83 a factor of 240205403?
True
Does 24 divide 122812855?
False
Is 992 a factor of 49594048?
True
Is 29 a factor of 676661843?
True
Is 3 a factor of 485799?
True
Is 6587891 a multiple of 1399?
True
Is 104369444 even?
True
Is 11986810 a multiple of 22?
True
Does 111 divide 27110640?
True
Does 21 divide 91201692?
False
Is 68142652 a multiple of 183?
False
Does 54 divide 5719411?
False
Is 1552292058 a multiple of 57?
True
Does 571 divide 806270843?
True
Is 17 a factor of 718342270?
False
Is 232369734 a multiple of 2302?
False
Is 414741786 a multiple of 1039?
True
Is 11 a factor of 402872922?
False
Does 9 divide 8239167?
True
Is 50 a factor of 251358600?
True
Is 161140138 a multiple of 93?
False
Does 10 divide 1456235840?
True
Does 858 divide 40713816?
True
Is 63637341 a multiple of 4506?
False
Does 284 divide 751843992?
True
Does 87 divide 24131277?
True
Is 13 a factor of 187170?
False
Does 15 divide 450611374?
False
Is 72 a factor of 419741867?
False
Is 4115620 a multiple of 46?
True
Is 75279236 a multiple of 447?
False
Is 372855940 a multiple of 10?
True
Is 1235 a factor of 91550550?
True
Is 15817344 a multiple of 34?
True
Is 3276 a factor of 226679544?
True
Does 2225 divide 1011342901?
False
Is 61440064 a multiple of 16?
True
Is 506 a factor of 88604542?
False
Is 2200301623 a multiple of 271?
False
Is 27715421 a multiple of 569?
True
Does 3963 divide 46874364?
True
Is 29 a factor of 3102812760?
False
Is 29432536 a multiple of 45?
False
Does 68 divide 83569484?
True
Does 3 divide 12641023?
False
Is 584 a factor of 42849702?
False
Is 130736555 a multiple of 60?
False
Does 1560 divide 130486200?
True
Is 105 a factor of 1399207863?
False
Is 599466889 a multiple of 67?
True
Is 31 a factor of 114121475?
False
Is 720 a factor of 1645208640?
True
Is 1752 a factor of 61442126?
False
Does 86 divide 141657100?
False
Does 21 divide 795456896?
False
Is 2 a factor of 3092053?
False
Is 55502496 a multiple of 1197?
True
Is 431 a factor of 109180505?
False
Does 23 divide 243854893?
False
Does 481 divide 373710926?
False
Does 226 divide 111749468?
False
Is 18 a factor of 182088972?
True
Is 30183636 a multiple of 2?
True
Does 15 divide 188266695?
True
Does 483 divide 138747546?
True
Is 890 a factor of 78253250?
True
Does 53 divide 2884260?
True
Is 68 a factor of 775520369?
False
Is 6 a factor of 18673994?
False
Is 78090768 a multiple of 7?
True
Is 171 a factor of 113974073?
False
Does 8 divide 34664544?
True
Is 16 a factor of 6980947120?
True
Is 36 a factor of 212680188?
True
Is 11 a factor of 2763579808?
True
Is 59301297 a multiple of 2815?
False
Does 589 divide 62529546?
False
Does 9 divide 79311150?
True
Does 1093 divide 95640779?
True
Is 2609429 a multiple of 47?
False
Does 27 divide 1059366789?
True
Is 6 a factor of 65316198?
True
Is 358707200 a multiple of 800?
True
Is 22442134 a multiple of 5?
False
Does 64 divide 21604352?
True
Does 2266 divide 1226522352?
True
Is 71 a factor of 40102261?
False
Is 34341148 even?
True
Is 541 a factor of 1530489?
True
Does 131 divide 12402032?
True
Is 7 a factor of 43662176?
False
Does 2498 divide 139127131?
False
Does 2364 divide 115115369?
False
Is 33996798 a multiple of 146?
False
Is 150 a factor of 71014893?
False
Is 33604370 a multiple of 16?
False
Is 12 a factor of 1233025092?
True
Does 109 divide 4197028239?
False
Is 19 a factor of 259902420?
False
Is 31899956 a multiple of 242?
True
Does 9 divide 36613314?
True
Is 289 a factor of 1695335846?
True
Is 3873196 a multiple of 56?
False
Is 2909 a factor of 73831556?
False
Is 2599008047 a multiple of 2939?
False
Is 4011 a factor of 2684929328?
False
Is 47416210 a multiple of 2811?
False
Does 36 divide 13619957?
False
Does 21 divide 60328816?
False
Does 68 divide 1258459408?
True
Is 843 a factor of 8223465?
True
Is 2460520570 a multiple of 514?
True
Does 1033 divide 9982912?
True
Is 27640130 a multiple of 9?
False
Is 42404799 a multiple of 24?
False
Does 18 divide 22089168?
True
Is 15336120 a multiple of 454?
True
Is 10741443 a multiple of 40?
False
Does 7124 divide 174466760?
True
Is 924 a factor of 448051975?
False
Does 24 divide 487496835?
False
Is 20579189 a multiple of 727?
True
Is 325664800 a multiple of 2150?
True
Is 79708630 a multiple of 4?
False
Is 149660342 a multiple of 97?
False
Is 10 a factor of 200755670?
True
Is 2 a factor of 14379303?
False
Does 4348 divide 159322390?
False
Does 414 divide 2388780828?
True
Does 629 divide 20368907?
True
Is 214520569 a multiple of 23?
False
Is 110868441 a multiple of 3243?
True
Is 85 a factor of 20962445?
True
Does 916 divide 103310144?
True
Does 40 divide 201871937?
False
Is 42827728 a multiple of 20?
False
Is 15383021 a multiple of 12?
False
Is 76493468 a multiple of 76?
True
Does 10 divide 631069799?
False
Is 800384 a 